is the units digit of n?
2
Let q = -79 + 137. Suppose -q = -3*i + 2*i. What is the tens digit of i?
5
Let p(t) = -6*t**2 - t + 2. Let l be p(1). Let n(a) = -2*a + 17. What is the tens digit of n(l)?
2
Let f(c) = -c**3 - c**2 + c - 1. Let r(n) = -7*n**3 - n**2 + 7*n + 7. Let y(u) = 6*f(u) - r(u). What is the tens digit of y(6)?
1
Suppose -q - 3*k + 7268 = 1943, -26593 = -5*q + k. What is the tens digit of q?
1
Let c(h) = 13*h**2 + 18*h - 6. What is the hundreds digit of c(6)?
5
Let g(d) = -2*d**3 + 27*d**2 - 33*d + 14. Let l be g(13). What is the hundreds digit of ((-62)/93)/(((-5)/l)/(-5))?
1
Let j be (-520)/4*((-32)/10 - 2). Suppose -4*f = -1888 + j. What is the units digit of f?
3
Let w = -24 + 36. What is the units digit of -2*3/(-18)*w?
4
Suppose 0 = -2*h + 3*s + 6899, -4*h - 103*s = -100*s - 13771. What is the tens digit of h?
4
Suppose 81 = -4*m + 5*s, m + 3*m = s - 61. Let t be (-40)/m + (-2)/(-14). Suppose t*y = 2*h + 31, 2 = -y + 4*h - 1. What is the tens digit of y?
1
Suppose 12 = -3*s, 7632 = -r + 3*r + 5*s. What is the tens digit of r?
2
Suppose -2*d + 8*i - 4*i = -8, 5 = 3*d + i. Suppose -4*v + 190 = d*b, -v - 190 = 4*b - 570. What is the units digit of b?
5
Let l = -1061 + 1494. What is the units digit of l?
3
Let j(p) = -16*p - 48. Let d be j(10). Let i = 319 + d. What is the units digit of i?
1
Let f = 1185 + -591. What is the tens digit of f?
9
Suppose 0 = 5*i - 276 - 1294. What is the units digit of i?
4
Suppose 60*v + 8394 = 66*v. What is the units digit of v?
9
Suppose -5*j = -5*f + 44 - 154, 0 = 2*j + 3*f - 54. Let a = j - -22. What is the tens digit of a?
4
Suppose -4*u + 3*c = u - 51340, 3*u - 3*c - 30804 = 0. What is the tens digit of (10/4 - 1)/(51/u)?
0
Suppose -7*a + 19*a = 0. Suppose 2*b + 4*w - 374 = a, 2*w + 1027 = 4*b + 229. What is the units digit of b?
7
Let p = -3 + 5. Suppose 2*j + 5 - 103 = -p*y, y + 4*j - 52 = 0. Let g = -23 + y. What is the tens digit of g?
2
Let r = -8 - -12. Suppose 0 = -0*b - r*b. Suppose 9*h - 5*h - 4 = b. What is the units digit of h?
1
Let v = -94 + 267. What is the units digit of v?
3
Let i(q) = q**2 - q - 3. Suppose 14 + 2 = -4*f. What is the units digit of i(f)?
7
Let c = -14 + 33. Let d(x) = -x**2 + 27*x - 24. What is the tens digit of d(c)?
2
Suppose 15*w = 16*w + 1, -4175 = -2*y - w. What is the hundreds digit of y?
0
Suppose 3*t = -5*m + 219 + 174, -255 = -3*m + 3*t. Suppose -4*j + m = -63. Suppose -p + 4*x = -j, p - 51 = -p + x. What is the tens digit of p?
2
Suppose 0 = -5*v + 2*v - 5*a - 4, -a = 3*v - 16. What is the units digit of -4 + v + -4 - -1*40?
9
Let h(y) = 15*y**2 - 39*y + 33. What is the tens digit of h(-8)?
0
Let h(g) be the third derivative of g**6/120 + g**5/5 - g**4/24 - 7*g**3/6 - 6*g**2. Let t be h(-12). Suppose -54 + 294 = t*r. What is the units digit of r?
8
Let d = 135 + -103. What is the units digit of -2*4/d + (-3965)/(-20)?
8
Let d(q) = 18*q + 2. Let i be 3 + (-4 - 0) + 12. What is the tens digit of d(i)?
0
Suppose -341805 = -88*h + 173523. What is the units digit of h?
6
Let j(k) = -15 + 14 + 43*k + 39*k. What is the tens digit of j(1)?
8
Suppose 3*u - 324 + 117 = 0. What is the units digit of u?
9
What is the units digit of (260/(-6))/((-8)/468)?
5
Let h(v) = 37*v + 1. Let a be h(1). Suppose -w + 27 = -a. What is the tens digit of w?
6
Suppose 0 = 5*f + 2*d - 825, 0 = 4*f + 2*d - 492 - 168. What is the units digit of f?
5
Let m be ((-14)/49)/(2/(-14)). Let c(k) = 0*k**2 + 3 - 4*k + 0*k**m - 1 + k**2. What is the tens digit of c(6)?
1
Let k be 2/(-8) + (-221)/(-4). Suppose 10 = o - k. Suppose 3*q - 4*p = o, -3*p + 66 + 81 = 5*q. What is the tens digit of q?
2
Let r be 45 - (-3 - 2/2). Let h = 143 - r. What is the units digit of h?
4
Let q(b) = 3*b**2 - 13*b - 8. Let c be q(12). Suppose -a = 3*a - c. What is the tens digit of a?
6
Suppose 2*x = -2*x. Let s = -12 + x. What is the tens digit of 12 - (-8)/s*-3?
1
Let w be (-50)/(-125) + 43/5. Suppose 7*s + 28 = w*s. Suppose 3*t = 242 - s. What is the units digit of t?
6
What is the hundreds digit of (-2)/(-6) - (7840/(-15) - -8)?
5
Suppose -p + 2*v = -4726, -18535 = -3*p - 2*v - 4341. What is the tens digit of p?
3
Let m be 4 + (-4 - -2) - (-4 + 1). Suppose 3*p - 2*o + o = 323, m*o = -p + 81. What is the hundreds digit of p?
1
Suppose 299 = w + i - 638, -3*w + 2779 = -5*i. What is the units digit of w?
3
Let h(m) = m + 17. Let p be h(11). Let w = -30 + p. What is the units digit of (7/7)/(w/(-8))?
4
What is the tens digit of 3 - (-5 - 368) - -1?
7
Suppose 63230 = -60*o + 158870. What is the units digit of o?
4
Suppose 10*p + 3152 = 27412. What is the thousands digit of p?
2
Let o(w) = 58*w**2 - 5*w + 2. Let q be o(2). Suppose -7*r + q = -3*r. What is the units digit of r?
6
Suppose -q + 5 = -2*u, -5*q + 7 = -4*u - 30. Suppose 24*a = q*a + 2415. What is the units digit of a?
1
Let f(j) = 525*j - 6. What is the hundreds digit of f(1)?
5
Suppose 7*h = 4*h - 3*b + 2349, 2*h - 1569 = -b. What is the hundreds digit of h?
7
Suppose -5*y = 51 - 441. Suppose -y = -3*z + 5*b, 3*b - 136 = -4*z - b. Suppose 0 = 9*t - z - 95. What is the tens digit of t?
1
What is the tens digit of 60/(-260) + 141316/26?
3
Let f(o) = 187*o**2 + 6*o + 2. What is the tens digit of f(-1)?
8
What is the tens digit of (5/15 - 1975/(-15)) + 0?
3
Suppose -j + 0*j = k - 39, -2*k = -4*j + 162. Suppose 4*y = -3*b + 20, 4*y = -2*b + 8*y. Suppose -a - b*a = -j. What is the units digit of a?
8
Let b(h) = 171 + 75*h**3 - 38*h**3 - 38*h**3. What is the tens digit of b(0)?
7
Let c be (21/(-9) + 0)*-3. Let n = 18 - 4. Suppose -r - 4*u + 18 = 0, r - c*u + 3*u + n = 0. What is the units digit of r?
2
Let f(n) = -6*n. Let d be f(1). Let t(g) = g + 10. Let k be t(d). Suppose 2*c - 139 = 3*b, 445 = 5*c - k*b + 101. What is the units digit of c?
8
Let z(n) = -18*n + 395. What is the hundreds digit of z(-27)?
8
Let g(n) = 3*n - 25. Let w = 137 + -126. What is the units digit of g(w)?
8
Let m(f) = -2*f - 4. Let h be m(-3). Suppose -5*n = 4*l, -h*l - 3*l + n = 0. Let y = l + 24. What is the tens digit of y?
2
Let d(s) = -s - 19. Let y(g) = g + 38. Let x(b) = -10*d(b) - 4*y(b). What is the tens digit of x(9)?
9
Let x(h) be the second derivative of h**6/4 - h**4/24 + h**3/6 + h**2/2 - 5*h. Let t(n) be the first derivative of x(n). What is the units digit of t(1)?
0
Let n(t) = 3*t**3 - t**2 + 2. Let p be 243/(-6)*4/(-3). Let u be (2/6)/(9/p). What is the units digit of n(u)?
2
Let g(q) = -4 + 0 - 7*q - 3. Let s be g(-13). What is the tens digit of (s/(-35))/(2/(-10))?
1
Suppose 5*a = -5*t + t + 1081, -3*a = t - 279. What is the tens digit of t?
6
Let r = 1 + 26. Let g = r - 79. Let s = 89 + g. What is the units digit of s?
7
Suppose 5*k - 16 = k. Let a = 4 - k. Suppose a = 2*d - 23 - 17. What is the tens digit of d?
2
Let g(q) = -4*q. Let s be g(-2). Suppose 0 = s*j - 6*j - 134. What is the tens digit of j?
6
Let s be (3 + -6 - 0)*-1. Suppose 118 = s*q + y - 40, 4*q + y = 211. What is the tens digit of q?
5
Suppose 5 - 8 = k. What is the tens digit of (-70 + k)*(1 - 7 - -5)?
7
Let f = 911 + -477. What is the hundreds digit of f?
4
Let l = -347 + 779. Suppose 10*j = 14*j - l. What is the tens digit of j?
0
Let g(u) = u**2 - 13*u - 5. Let x be g(13). Let l be (4/x)/(1/40). Let y = -8 - l. What is the units digit of y?
4
Suppose -2340 = -f - 8*f. What is the units digit of f?
0
Let s = 110 + -105. Suppose 5*m + s*f = 585, -355 = -3*m - 0*f - 2*f. What is the hundreds digit of m?
1
Let j = 6 + 46. Suppose 0 = -s - 3*s - j. What is the units digit of 3 - (s - (0 + 3))?
9
What is the units digit of -15*2/6 + 309?
4
Let f(v) = 9*v**2 + 13*v - 20. What is the tens digit of f(5)?
7
Suppose 5*g - 68 = -28. Let r = -6 + g. Suppose j + 4*t = 4*j - 77, 119 = 5*j - r*t. What is the units digit of j?
3
Let u be (((-28)/(-12))/(-7))/((-3)/9). What is the hundreds digit of (-3)/((-9)/336) + (-1 - u)?
1
Let a = 127 + 1986. What is the hundreds digit of a?
1
Let u = -5 - -9. Let d = -4 + u. Suppose -3*o + 10 + 8 = d. What is the units digit of o?
6
Let s(b) = b**3 + 10*b**2 - 4*b + 14. What is the hundreds digit of s(-6)?
1
Suppose 0 = -11*h + 2330 + 981. What is the units digit of h?
1
Let m(g) = 9 + 3*g**3 - 10*g**2 - 19*g - 4*g**3 + 10*g. Let l be m(-8). Let w = -28 - l. Wh